 base 2, what is -1 + 100010?
100001
In base 10, what is -318 - 0?
-318
In base 13, what is 0 - b?
-b
In base 14, what is -13 + -13?
-26
In base 6, what is -4214 - -4?
-4210
In base 8, what is -4 + -160?
-164
In base 15, what is -a + -18?
-23
In base 8, what is 2 + 16?
20
In base 16, what is 169 - -3?
16c
In base 12, what is -10 + -1326?
-1336
In base 5, what is -21 + -1?
-22
In base 7, what is -111 - -3?
-105
In base 8, what is 16562 + 2?
16564
In base 13, what is -1c8 + 5?
-1c3
In base 9, what is -5873 - -4?
-5868
In base 2, what is -10111011010 + 101?
-10111010101
In base 4, what is 23 + 202?
231
In base 9, what is 4 + -5?
-1
In base 2, what is 100111001 - -10?
100111011
In base 12, what is 1 + 73?
74
In base 12, what is 3 - 34?
-31
In base 6, what is -5 - 3?
-12
In base 10, what is -3 + 1713?
1710
In base 3, what is -1122120 + -2?
-1122122
In base 11, what is 4 + -5?
-1
In base 10, what is -2 + -230?
-232
In base 11, what is 4 + -3161?
-3158
In base 11, what is -47 + -a?
-56
In base 13, what is 73 + 4?
77
In base 5, what is 1 - 22?
-21
In base 13, what is 1 - -75?
76
In base 2, what is 10101101 + 11?
10110000
In base 16, what is 5 - ff3?
-fee
In base 6, what is 131154 - 2?
131152
In base 10, what is 0 + 645?
645
In base 9, what is 3 - -22?
25
In base 12, what is 7906 - -1?
7907
In base 3, what is 2211112 + 22?
2211211
In base 8, what is 174 - 1?
173
In base 4, what is -21200 - -2?
-21132
In base 4, what is -13332 + 10?
-13322
In base 2, what is -11 + 110110110010?
110110101111
In base 10, what is -8 - 48?
-56
In base 4, what is -22 + -120011?
-120033
In base 10, what is -5741 - -2?
-5739
In base 3, what is 1012 + -1011?
1
In base 3, what is -12101 + 0?
-12101
In base 4, what is -102 + 2133?
2031
In base 10, what is 2 + -250?
-248
In base 13, what is 2 - -19c?
1a1
In base 3, what is -2120 + 10?
-2110
In base 13, what is 68 - 6?
62
In base 8, what is -21723 + 5?
-21716
In base 12, what is 8 - -31?
39
In base 11, what is -a - 136?
-145
In base 14, what is -3 + -33a?
-33d
In base 9, what is 5 + -276?
-271
In base 8, what is -1223 + 2?
-1221
In base 13, what is b - 12?
-4
In base 6, what is 2042 - 31?
2011
In base 14, what is 52 + -6?
4a
In base 8, what is 2726 - 17?
2707
In base 2, what is -101 + 11110101?
11110000
In base 6, what is 3455 + 1?
3500
In base 2, what is -1100111011 + -1101?
-1101001000
In base 8, what is 541 - -3?
544
In base 13, what is -9 + 13?
7
In base 10, what is -1 + -7231?
-7232
In base 10, what is -2 + 829?
827
In base 4, what is 230 - -12?
302
In base 5, what is -1 + 22134?
22133
In base 15, what is -79 - 27?
-a1
In base 6, what is -1302 + 1?
-1301
In base 11, what is 9 + -115?
-107
In base 8, what is 45 + 20?
65
In base 11, what is -2 + 30?
29
In base 13, what is -1 + -1659?
-165a
In base 16, what is 2 + 1f07?
1f09
In base 15, what is 4 + 59?
5d
In base 9, what is 0 - 12041?
-12041
In base 11, what is 0 + -2466?
-2466
In base 3, what is 200120 + -1?
200112
In base 4, what is 23 - 32?
-3
In base 15, what is 5 + 8da?
8e0
In base 16, what is -f83 - 4?
-f87
In base 11, what is 285 + 15?
29a
In base 14, what is -25bc + -2?
-25c0
In base 3, what is -2 - 1121?
-1200
In base 2, what is 101 + -10010101?
-10010000
In base 3, what is -22 + 12?
-10
In base 3, what is 11 - 2002?
-1221
In base 11, what is 38 + -519?
-491
In base 5, what is -2103 + -1?
-2104
In base 10, what is -14 + 0?
-14
In base 16, what is -23 + -114?
-137
In base 12, what is -64b - -3?
-648
In base 2, what is -1001 + -101001?
-110010
In base 13, what is -14 + 1a5?
191
In base 8, what is 1 - 130?
-127
In base 2, what is -111100001 + 1?
-111100000
In base 12, what is 0 + 138?
138
In base 13, what is -5 - 1354?
-1359
In base 5, what is 10334 + -2?
10332
In base 2, what is 1001001000000 + 101?
1001001000101
In base 14, what is 1 - -16?
17
In base 4, what is 1332 + 12?
2010
In base 15, what is 31 + 5c?
8d
In base 4, what is -2 + 20?
12
In base 14, what is -5 - -158?
153
In base 14, what is 14 - 13?
1
In base 6, what is -4 + 5455?
5451
In base 2, what is -100010 + 100?
-11110
In base 4, what is 12 + 131?
203
In base 7, what is 115640 - -1?
115641
In base 5, what is 111 + -3312?
-3201
In base 9, what is -67 + -10?
-77
In base 12, what is 12a - -2?
130
In base 5, what is -22202 + -3?
-22210
In base 2, what is 100 - 1011000110?
-1011000010
In base 15, what is -11 + 22?
11
In base 14, what is 4 + 452?
456
In base 3, what is 2 - 1210110?
-1210101
In base 12, what is 104b + -5?
1046
In base 10, what is -255 + 78?
-177
In base 13, what is 2 + -143?
-141
In base 5, what is -401 + 301?
-100
In base 15, what is -419 + -5?
-41e
In base 10, what is 19 - -170?
189
In base 16, what is -4 + -24?
-28
In base 6, what is 110121 - 2?
110115
In base 8, what is 5 + 1012?
1017
In base 9, what is 257 - -77?
345
In base 8, what is -5 + 22?
15
In base 2, what is 111 - -10101?
11100
In base 8, what is 15 - 573?
-556
In base 7, what is -4 - 536?
-543
In base 10, what is 200 + 4?
204
In base 16, what is -f + -39?
-48
In base 15, what is -c + 19?
c
In base 5, what is -330 + -330?
-1210
In base 12, what is 524b + 0?
524b
In base 8, what is 4 - -112?
116
In base 16, what is -e7 + -8?
-ef
In base 11, what is 105 + 2?
107
In base 9, what is -117 + -2?
-120
In base 7, what is -20 + -2636?
-2656
In base 13, what is -19 - -17?
-2
In base 9, what is 3 - 17?
-14
In base 5, what is -2 - 200?
-202
In base 6, what is 0 + 10?
10
In base 12, what is -80 + 14?
-68
In base 5, what is -40401 - -1?
-40400
In base 10, what is -4 - -3589?
3585
In base 3, what is 101 + -1200?
-1022
In base 4, what is -23 + 121?
32
In base 7, what is -2 - -5?
3
In base 12, what is 46 + 2?
48
In base 16, what is 72 + -1?
71
In base 5, what is 0 + 13?
13
In base 6, what is 2233 + -5?
2224
In base 10, what is 1 - 44?
-43
In base 7, what is -14202 + -13?
-14215
In base 13, what is -102 - -11?
-c1
In base 13, what is -326 - -9?
-31a
In base 13, what is 0 - -110?
110
In base 3, what is -10 - 1022202?
-1022212
In base 10, what is 3 + 63?
66
In base 12, what is -37 + -5?
-40
In base 12, what is 5 + 129?
132
In base 2, what is -101 + -110111011?
-111000000
In base 9, what is 0 - 2628?
-2628
In base 6, what is -105454 - -5?
-105445
In base 2, what is 10 + 11101?
11111
In base 15, what is c + -8?
4
In base 4, what is 30 - 0?
30
In base 10, what is 48 - 2?
46
In base 11, what is -7 + -955?
-961
In base 12, what is 33 + 6a?
a1
In base 3, what is 11122 - 2?
11120
In base 3, what is -20 - -211?
121
In base 3, what is 12 + 1010001?
1010020
In base 2, what is -11 + 10110000010?
10101111111
In base 12, what is 350 - -2b?
37b
In base 10, what is -11 - 74?
-85
In base 9, what is 201 + 25?
226
In base 4, what is -11 - -2?
-3
In base 5, what is 1 + -20041?
-20040
In base 11, what is -3a5a - -2?
-3a58
In base 13, what is -38 + 1?
-37
In base 5, what is 3303 + 3?
3311
In base 4, what is -30 + 200?
110
In base 12, what is -136 - -7?
-12b
In base 11, what is 47 + 0?
47
In base 6, what is -112 - 125?
-241
In base 11, what is -4 - -141?
138
In base 12, what is -9a + 21?
-79
In base 13, what is -c57 - 6?
-c60
In base 10, what is -90 + 3?
-87
In base 15, what is -21 - -17?
-9
In base 2, what is -10101 - -10?
-10011
In base 11, what is 652 - 0?
652
In base 7, what is -2 - 14?
-16
In base 16, what is d + -2?
b
In base 5, what is -3314 - 10?
-3324
In base 5, what is 1 + -241?
-240
In base 14, what is -2351 + -4?
-2355
In base 4, what is 1113 - -30?
1203
In base 15, what is 13e5 - 3?
13e2
In base 7, what is 32 - -15?
50
In base 11, what is 23 - -9?
31
In base 5, what is 10 - -1110?
1120
In base 5, what is 434 + 1?
440
In base 10, what is 134 - -14?
148
In base 6, what is -240 + -4?
-244
In base 13, what is -8c + -5?
-94
In base 9, what is -5 + 388?
383
In base 16, what is 29bc + -3?
29b9
In base 13, what is 0 - 39a?
-39a
In base 9, what is 1670 + 5?
1675
In base 7, what is -62 + -305?
-400
In base 6, what is 22 + -2145?
-2123
In base 7, what is 10 + 33?
43
In base 6, what is 3 + 102?
105
In base 9, what is 4 - -73?
77
In base 5, what is -2 + 30?
23
In base 14, what is -2 + -66?
-68
In base 15, what is -4 + -27?
-2b
In base 2, what is 10 - -101010?
101100
In base 12, what is -5 - -64?
5b
In base 14, what is -2 + b8?
b6
In base 12, what is -73 - -13?
-60
In base 16,